{"id":23,"date":"2023-03-22T08:25:51","date_gmt":"2023-03-22T07:25:51","guid":{"rendered":"http:\/\/bmpbois.com\/?page_id=23"},"modified":"2024-01-29T18:27:32","modified_gmt":"2024-01-29T17:27:32","slug":"salle-deau","status":"publish","type":"page","link":"https:\/\/bmpbois.com\/?page_id=23","title":{"rendered":"SALLES D&rsquo;EAU"},"content":{"rendered":"\n<figure class=\"wp-block-gallery has-nested-images columns-default is-cropped wp-block-gallery-1 is-layout-flex wp-block-gallery-is-layout-flex\">\n<figure class=\"wp-block-image size-large\"><a href=\"https:\/\/bmpbois.com\/?page_id=500\"><img loading=\"lazy\" decoding=\"async\" width=\"768\" height=\"1024\" data-id=\"504\" src=\"https:\/\/bmpbois.com\/wp-content\/uploads\/2024\/01\/IMG_5289-768x1024.jpeg\" alt=\"\" class=\"wp-image-504\" srcset=\"https:\/\/bmpbois.com\/wp-content\/uploads\/2024\/01\/IMG_5289-768x1025.jpeg 768w, https:\/\/bmpbois.com\/wp-content\/uploads\/2024\/01\/IMG_5289-225x300.jpeg 225w, https:\/\/bmpbois.com\/wp-content\/uploads\/2024\/01\/IMG_5289-1151x1536.jpeg 1151w, https:\/\/bmpbois.com\/wp-content\/uploads\/2024\/01\/IMG_5289.jpeg 1536w\" sizes=\"(max-width: 768px) 100vw, 768px\" \/><\/a><figcaption class=\"wp-element-caption\">Fr\u00eane et r\u00e9sine de synth\u00e8se blanche <\/figcaption><\/figure>\n\n\n\n<figure class=\"wp-block-image size-large\"><a href=\"https:\/\/bmpbois.com\/?page_id=495\"><img loading=\"lazy\" decoding=\"async\" width=\"1024\" height=\"768\" data-id=\"496\" src=\"https:\/\/bmpbois.com\/wp-content\/uploads\/2024\/01\/F4DB0A58-2FB0-4C24-AF2B-3215F247A7A8-1024x768.jpg\" alt=\"\" class=\"wp-image-496\" srcset=\"https:\/\/bmpbois.com\/wp-content\/uploads\/2024\/01\/F4DB0A58-2FB0-4C24-AF2B-3215F247A7A8-1024x768.jpg 1024w, https:\/\/bmpbois.com\/wp-content\/uploads\/2024\/01\/F4DB0A58-2FB0-4C24-AF2B-3215F247A7A8-300x225.jpg 300w, https:\/\/bmpbois.com\/wp-content\/uploads\/2024\/01\/F4DB0A58-2FB0-4C24-AF2B-3215F247A7A8-768x576.jpg 768w, https:\/\/bmpbois.com\/wp-content\/uploads\/2024\/01\/F4DB0A58-2FB0-4C24-AF2B-3215F247A7A8-1536x1152.jpg 1536w, https:\/\/bmpbois.com\/wp-content\/uploads\/2024\/01\/F4DB0A58-2FB0-4C24-AF2B-3215F247A7A8.jpg 2048w\" sizes=\"(max-width: 1024px) 100vw, 1024px\" \/><\/a><figcaption class=\"wp-element-caption\">Ch\u00eane et r\u00e9sine de synth\u00e8se blanche <\/figcaption><\/figure>\n\n\n\n<figure class=\"wp-block-image size-large\"><a href=\"https:\/\/bmpbois.com\/?page_id=489\"><img decoding=\"async\" data-id=\"491\" src=\"https:\/\/bmpbois.com\/wp-content\/uploads\/2024\/01\/A3B1E91D-558B-46E4-848D-0F3F32DEED2C-768x1024.jpg\" alt=\"\" class=\"wp-image-491\"\/><\/a><figcaption class=\"wp-element-caption\">M\u00e9lamin\u00e9 Ch\u00eane et r\u00e9sine de synth\u00e8se <\/figcaption><\/figure>\n\n\n\n<figure class=\"wp-block-image size-large\"><a href=\"https:\/\/bmpbois.com\/?page_id=483\"><img loading=\"lazy\" decoding=\"async\" width=\"819\" height=\"1024\" data-id=\"485\" src=\"https:\/\/bmpbois.com\/wp-content\/uploads\/2024\/01\/59B37E7B-0CF3-4B8C-936A-63CD7143D84B-819x1024.jpg\" alt=\"\" class=\"wp-image-485\" srcset=\"https:\/\/bmpbois.com\/wp-content\/uploads\/2024\/01\/59B37E7B-0CF3-4B8C-936A-63CD7143D84B-819x1024.jpg 819w, https:\/\/bmpbois.com\/wp-content\/uploads\/2024\/01\/59B37E7B-0CF3-4B8C-936A-63CD7143D84B-240x300.jpg 240w, https:\/\/bmpbois.com\/wp-content\/uploads\/2024\/01\/59B37E7B-0CF3-4B8C-936A-63CD7143D84B-768x960.jpg 768w, https:\/\/bmpbois.com\/wp-content\/uploads\/2024\/01\/59B37E7B-0CF3-4B8C-936A-63CD7143D84B-1229x1536.jpg 1229w, https:\/\/bmpbois.com\/wp-content\/uploads\/2024\/01\/59B37E7B-0CF3-4B8C-936A-63CD7143D84B.jpg 1440w\" sizes=\"(max-width: 819px) 100vw, 819px\" \/><\/a><figcaption class=\"wp-element-caption\">M\u00e9lamin\u00e9 ch\u00eane et r\u00e9sine de synth\u00e8se grise <\/figcaption><\/figure>\n<\/figure>\n","protected":false},"excerpt":{"rendered":"","protected":false},"author":1,"featured_media":0,"parent":0,"menu_order":0,"comment_status":"closed","ping_status":"closed","template":"","meta":{"site-sidebar-layout":"default","site-content-layout":"","ast-site-content-layout":"default","site-content-style":"default","site-sidebar-style":"default","ast-global-header-display":"","ast-banner-title-visibility":"","ast-main-header-display":"","ast-hfb-above-header-display":"","ast-hfb-below-header-display":"","ast-hfb-mobile-header-display":"","site-post-title":"","ast-breadcrumbs-content":"","ast-featured-img":"","footer-sml-layout":"","theme-transparent-header-meta":"","adv-header-id-meta":"","stick-header-meta":"","header-above-stick-meta":"","header-main-stick-meta":"","header-below-stick-meta":"","astra-migrate-meta-layouts":"set","ast-page-background-enabled":"default","ast-page-background-meta":{"desktop":{"background-color":"var(--ast-global-color-4)","background-image":"","background-repeat":"repeat","background-position":"center center","background-size":"auto","background-attachment":"scroll","background-type":"","background-media":"","overlay-type":"","overlay-color":"","overlay-gradient":""},"tablet":{"background-color":"","background-image":"","background-repeat":"repeat","background-position":"center center","background-size":"auto","background-attachment":"scroll","background-type":"","background-media":"","overlay-type":"","overlay-color":"","overlay-gradient":""},"mobile":{"background-color":"","background-image":"","background-repeat":"repeat","background-position":"center center","background-size":"auto","background-attachment":"scroll","background-type":"","background-media":"","overlay-type":"","overlay-color":"","overlay-gradient":""}},"ast-content-background-meta":{"desktop":{"background-color":"var(--ast-global-color-5)","background-image":"","background-repeat":"repeat","background-position":"center center","background-size":"auto","background-attachment":"scroll","background-type":"","background-media":"","overlay-type":"","overlay-color":"","overlay-gradient":""},"tablet":{"background-color":"var(--ast-global-color-5)","background-image":"","background-repeat":"repeat","background-position":"center center","background-size":"auto","background-attachment":"scroll","background-type":"","background-media":"","overlay-type":"","overlay-color":"","overlay-gradient":""},"mobile":{"background-color":"var(--ast-global-color-5)","background-image":"","background-repeat":"repeat","background-position":"center center","background-size":"auto","background-attachment":"scroll","background-type":"","background-media":"","overlay-type":"","overlay-color":"","overlay-gradient":""}},"footnotes":""},"_links":{"self":[{"href":"https:\/\/bmpbois.com\/index.php?rest_route=\/wp\/v2\/pages\/23"}],"collection":[{"href":"https:\/\/bmpbois.com\/index.php?rest_route=\/wp\/v2\/pages"}],"about":[{"href":"https:\/\/bmpbois.com\/index.php?rest_route=\/wp\/v2\/types\/page"}],"author":[{"embeddable":true,"href":"https:\/\/bmpbois.com\/index.php?rest_route=\/wp\/v2\/users\/1"}],"replies":[{"embeddable":true,"href":"https:\/\/bmpbois.com\/index.php?rest_route=%2Fwp%2Fv2%2Fcomments&post=23"}],"version-history":[{"count":5,"href":"https:\/\/bmpbois.com\/index.php?rest_route=\/wp\/v2\/pages\/23\/revisions"}],"predecessor-version":[{"id":552,"href":"https:\/\/bmpbois.com\/index.php?rest_route=\/wp\/v2\/pages\/23\/revisions\/552"}],"wp:attachment":[{"href":"https:\/\/bmpbois.com\/index.php?rest_route=%2Fwp%2Fv2%2Fmedia&parent=23"}],"curies":[{"name":"wp","href":"https:\/\/api.w.org\/{rel}","templated":true}]}}