{"id":390,"date":"2024-01-25T16:36:48","date_gmt":"2024-01-25T15:36:48","guid":{"rendered":"http:\/\/bmpbois.com\/?page_id=390"},"modified":"2024-01-25T16:36:48","modified_gmt":"2024-01-25T15:36:48","slug":"le-temps-dun-soin","status":"publish","type":"page","link":"https:\/\/bmpbois.com\/?page_id=390","title":{"rendered":"Le temps d&rsquo;un soin"},"content":{"rendered":"\n<div class=\"wp-block-media-text is-stacked-on-mobile\" style=\"grid-template-columns:28% auto\"><figure class=\"wp-block-media-text__media\"><img loading=\"lazy\" decoding=\"async\" width=\"768\" height=\"1024\" src=\"https:\/\/bmpbois.com\/wp-content\/uploads\/2024\/01\/IMG_3567-768x1024.jpeg\" alt=\"\" class=\"wp-image-391 size-full\" srcset=\"https:\/\/bmpbois.com\/wp-content\/uploads\/2024\/01\/IMG_3567-768x1025.jpeg 768w, https:\/\/bmpbois.com\/wp-content\/uploads\/2024\/01\/IMG_3567-225x300.jpeg 225w, https:\/\/bmpbois.com\/wp-content\/uploads\/2024\/01\/IMG_3567-1151x1536.jpeg 1151w, https:\/\/bmpbois.com\/wp-content\/uploads\/2024\/01\/IMG_3567.jpeg 1536w\" sizes=\"(max-width: 768px) 100vw, 768px\" \/><\/figure><div class=\"wp-block-media-text__content\">\n<p>La menuiserie BMP BOIS a r\u00e9cemment r\u00e9alis\u00e9 la conception d&rsquo;un espace de rangement et de nettoyage sur mesure pour un cabinet de kin\u00e9sith\u00e9rapie. Dans cette r\u00e9alisation, des mat\u00e9riaux soigneusement s\u00e9lectionn\u00e9s ont \u00e9t\u00e9 utilis\u00e9s pour garantir un \u00e9quilibre parfait entre fonctionnalit\u00e9, entretien impeccable et esth\u00e9tique raffin\u00e9e.<\/p>\n\n\n\n<p>Le plan de travail et la cuve en r\u00e9sine de synth\u00e8se blanche sont les \u00e9l\u00e9ments cl\u00e9s de cet espace. Le choix de la r\u00e9sine de synth\u00e8se offre une solution id\u00e9ale pour un entretien facile tout en ajoutant une touche d&rsquo;\u00e9l\u00e9gance. La r\u00e9sine de synth\u00e8se blanche assure une surface durable, r\u00e9sistante aux taches, tout en contribuant \u00e0 une esth\u00e9tique propre et moderne.<\/p>\n\n\n\n<p>Quant aux fa\u00e7ades de tiroirs et portes, elles sont fabriqu\u00e9es en m\u00e9lamin\u00e9 blanc. Ce choix de mat\u00e9riau offre une surface lisse, facile \u00e0 nettoyer, tout en ajoutant une lumi\u00e8re et une fra\u00eecheur visuelle \u00e0 l&rsquo;espace. Le m\u00e9lamin\u00e9 blanc apporte \u00e9galement une touche de modernit\u00e9 et s&rsquo;harmonise parfaitement avec le reste du mobilier.<\/p>\n\n\n\n<p>L&rsquo;ensemble de l&rsquo;espace de rangement et de nettoyage con\u00e7u par BMP BOIS est pens\u00e9 pour r\u00e9pondre aux besoins sp\u00e9cifiques du cabinet de kin\u00e9sith\u00e9rapie, alliant ainsi praticit\u00e9 et esth\u00e9tique. Le mariage judicieux de la r\u00e9sine de synth\u00e8se blanche et du m\u00e9lamin\u00e9 blanc t\u00e9moigne de l&rsquo;engagement de la menuiserie BMP BOIS \u00e0 cr\u00e9er des espaces fonctionnels et esth\u00e9tiques sur mesure.<\/p>\n<\/div><\/div>\n\n\n\n<figure class=\"wp-block-gallery has-nested-images columns-default is-cropped wp-block-gallery-1 is-layout-flex wp-block-gallery-is-layout-flex\">\n<figure class=\"wp-block-image size-large\"><img loading=\"lazy\" decoding=\"async\" width=\"768\" height=\"1024\" data-id=\"392\" src=\"https:\/\/bmpbois.com\/wp-content\/uploads\/2024\/01\/IMG_3570-768x1024.jpeg\" alt=\"\" class=\"wp-image-392\" srcset=\"https:\/\/bmpbois.com\/wp-content\/uploads\/2024\/01\/IMG_3570-768x1025.jpeg 768w, https:\/\/bmpbois.com\/wp-content\/uploads\/2024\/01\/IMG_3570-225x300.jpeg 225w, https:\/\/bmpbois.com\/wp-content\/uploads\/2024\/01\/IMG_3570-1151x1536.jpeg 1151w, https:\/\/bmpbois.com\/wp-content\/uploads\/2024\/01\/IMG_3570.jpeg 1536w\" sizes=\"(max-width: 768px) 100vw, 768px\" \/><\/figure>\n\n\n\n<figure class=\"wp-block-image size-large\"><img loading=\"lazy\" decoding=\"async\" width=\"768\" height=\"1024\" data-id=\"393\" src=\"https:\/\/bmpbois.com\/wp-content\/uploads\/2024\/01\/IMG_3576-768x1024.jpeg\" alt=\"\" class=\"wp-image-393\" srcset=\"https:\/\/bmpbois.com\/wp-content\/uploads\/2024\/01\/IMG_3576-768x1025.jpeg 768w, https:\/\/bmpbois.com\/wp-content\/uploads\/2024\/01\/IMG_3576-225x300.jpeg 225w, https:\/\/bmpbois.com\/wp-content\/uploads\/2024\/01\/IMG_3576-1151x1536.jpeg 1151w, https:\/\/bmpbois.com\/wp-content\/uploads\/2024\/01\/IMG_3576.jpeg 1536w\" sizes=\"(max-width: 768px) 100vw, 768px\" \/><\/figure>\n\n\n\n<figure class=\"wp-block-image size-large\"><img loading=\"lazy\" decoding=\"async\" width=\"768\" height=\"1024\" data-id=\"394\" src=\"https:\/\/bmpbois.com\/wp-content\/uploads\/2024\/01\/IMG_3578-768x1024.jpeg\" alt=\"\" class=\"wp-image-394\" srcset=\"https:\/\/bmpbois.com\/wp-content\/uploads\/2024\/01\/IMG_3578-768x1024.jpeg 768w, https:\/\/bmpbois.com\/wp-content\/uploads\/2024\/01\/IMG_3578-225x300.jpeg 225w, https:\/\/bmpbois.com\/wp-content\/uploads\/2024\/01\/IMG_3578-1152x1536.jpeg 1152w, https:\/\/bmpbois.com\/wp-content\/uploads\/2024\/01\/IMG_3578.jpeg 1537w\" sizes=\"(max-width: 768px) 100vw, 768px\" \/><\/figure>\n<\/figure>\n","protected":false},"excerpt":{"rendered":"<p>La menuiserie BMP BOIS a r\u00e9cemment r\u00e9alis\u00e9 la conception d&rsquo;un espace de rangement et de nettoyage sur mesure pour un cabinet de kin\u00e9sith\u00e9rapie. Dans cette r\u00e9alisation, des mat\u00e9riaux soigneusement s\u00e9lectionn\u00e9s ont \u00e9t\u00e9 utilis\u00e9s pour garantir un \u00e9quilibre parfait entre fonctionnalit\u00e9, entretien impeccable et esth\u00e9tique raffin\u00e9e. Le plan de travail et la cuve en r\u00e9sine de &hellip;<\/p>\n<p class=\"read-more\"> <a class=\"\" href=\"https:\/\/bmpbois.com\/?page_id=390\"> <span class=\"screen-reader-text\">Le temps d&rsquo;un soin<\/span> Lire la suite\u00a0\u00bb<\/a><\/p>\n","protected":false},"author":2,"featured_media":0,"parent":0,"menu_order":0,"comment_status":"closed","ping_status":"closed","template":"","meta":{"site-sidebar-layout":"default","site-content-layout":"","ast-site-content-layout":"default","site-content-style":"default","site-sidebar-style":"default","ast-global-header-display":"","ast-banner-title-visibility":"","ast-main-header-display":"","ast-hfb-above-header-display":"","ast-hfb-below-header-display":"","ast-hfb-mobile-header-display":"","site-post-title":"","ast-breadcrumbs-content":"","ast-featured-img":"","footer-sml-layout":"","theme-transparent-header-meta":"","adv-header-id-meta":"","stick-header-meta":"","header-above-stick-meta":"","header-main-stick-meta":"","header-below-stick-meta":"","astra-migrate-meta-layouts":"set","ast-page-background-enabled":"default","ast-page-background-meta":{"desktop":{"background-color":"var(--ast-global-color-4)","background-image":"","background-repeat":"repeat","background-position":"center center","background-size":"auto","background-attachment":"scroll","background-type":"","background-media":"","overlay-type":"","overlay-color":"","overlay-gradient":""},"tablet":{"background-color":"","background-image":"","background-repeat":"repeat","background-position":"center center","background-size":"auto","background-attachment":"scroll","background-type":"","background-media":"","overlay-type":"","overlay-color":"","overlay-gradient":""},"mobile":{"background-color":"","background-image":"","background-repeat":"repeat","background-position":"center center","background-size":"auto","background-attachment":"scroll","background-type":"","background-media":"","overlay-type":"","overlay-color":"","overlay-gradient":""}},"ast-content-background-meta":{"desktop":{"background-color":"var(--ast-global-color-5)","background-image":"","background-repeat":"repeat","background-position":"center center","background-size":"auto","background-attachment":"scroll","background-type":"","background-media":"","overlay-type":"","overlay-color":"","overlay-gradient":""},"tablet":{"background-color":"var(--ast-global-color-5)","background-image":"","background-repeat":"repeat","background-position":"center center","background-size":"auto","background-attachment":"scroll","background-type":"","background-media":"","overlay-type":"","overlay-color":"","overlay-gradient":""},"mobile":{"background-color":"var(--ast-global-color-5)","background-image":"","background-repeat":"repeat","background-position":"center center","background-size":"auto","background-attachment":"scroll","background-type":"","background-media":"","overlay-type":"","overlay-color":"","overlay-gradient":""}},"footnotes":""},"_links":{"self":[{"href":"https:\/\/bmpbois.com\/index.php?rest_route=\/wp\/v2\/pages\/390"}],"collection":[{"href":"https:\/\/bmpbois.com\/index.php?rest_route=\/wp\/v2\/pages"}],"about":[{"href":"https:\/\/bmpbois.com\/index.php?rest_route=\/wp\/v2\/types\/page"}],"author":[{"embeddable":true,"href":"https:\/\/bmpbois.com\/index.php?rest_route=\/wp\/v2\/users\/2"}],"replies":[{"embeddable":true,"href":"https:\/\/bmpbois.com\/index.php?rest_route=%2Fwp%2Fv2%2Fcomments&post=390"}],"version-history":[{"count":1,"href":"https:\/\/bmpbois.com\/index.php?rest_route=\/wp\/v2\/pages\/390\/revisions"}],"predecessor-version":[{"id":395,"href":"https:\/\/bmpbois.com\/index.php?rest_route=\/wp\/v2\/pages\/390\/revisions\/395"}],"wp:attachment":[{"href":"https:\/\/bmpbois.com\/index.php?rest_route=%2Fwp%2Fv2%2Fmedia&parent=390"}],"curies":[{"name":"wp","href":"https:\/\/api.w.org\/{rel}","templated":true}]}}