{"id":396,"date":"2024-01-25T16:48:49","date_gmt":"2024-01-25T15:48:49","guid":{"rendered":"http:\/\/bmpbois.com\/?page_id=396"},"modified":"2024-01-26T11:36:01","modified_gmt":"2024-01-26T10:36:01","slug":"cintrage-des-lettres","status":"publish","type":"page","link":"https:\/\/bmpbois.com\/?page_id=396","title":{"rendered":"cintrage des lettres"},"content":{"rendered":"\n<div class=\"wp-block-media-text is-stacked-on-mobile\" style=\"grid-template-columns:36% auto\"><figure class=\"wp-block-media-text__media\"><img loading=\"lazy\" decoding=\"async\" width=\"768\" height=\"1024\" src=\"https:\/\/bmpbois.com\/wp-content\/uploads\/2024\/01\/IMG_0945-768x1024.jpeg\" alt=\"\" class=\"wp-image-422 size-full\" srcset=\"https:\/\/bmpbois.com\/wp-content\/uploads\/2024\/01\/IMG_0945-768x1024.jpeg 768w, https:\/\/bmpbois.com\/wp-content\/uploads\/2024\/01\/IMG_0945-225x300.jpeg 225w, https:\/\/bmpbois.com\/wp-content\/uploads\/2024\/01\/IMG_0945-1152x1536.jpeg 1152w, https:\/\/bmpbois.com\/wp-content\/uploads\/2024\/01\/IMG_0945.jpeg 1536w\" sizes=\"(max-width: 768px) 100vw, 768px\" \/><\/figure><div class=\"wp-block-media-text__content\">\n<p>La menuiserie BMP BOIS a r\u00e9cemment r\u00e9alis\u00e9 la conception d&rsquo;une biblioth\u00e8que unique, mettant en avant des montants en ch\u00eane massif vernis. L&rsquo;originalit\u00e9 de cette biblioth\u00e8que r\u00e9side dans la courbure d\u00e9licate des montants, ajoutant une esth\u00e9tique singuli\u00e8re \u00e0 l&rsquo;ensemble.<\/p>\n\n\n\n<p>Les montants en ch\u00eane massif vernis non seulement offrent une robustesse et une durabilit\u00e9 exceptionnelles, mais apportent \u00e9galement une \u00e9l\u00e9gance intemporelle \u00e0 la biblioth\u00e8que. La courbure d\u00e9licate de ces montants cr\u00e9e un aspect visuel distinct, conf\u00e9rant \u00e0 la biblioth\u00e8que une esth\u00e9tique raffin\u00e9e et originale.<\/p>\n\n\n\n<p>Les \u00e9tag\u00e8res et les meubles en partie basse sont con\u00e7us en m\u00e9lamin\u00e9 teinte b\u00e9ton claire. Cette option de mat\u00e9riau ajoute une touche de modernit\u00e9 et cr\u00e9e un contraste int\u00e9ressant avec la richesse naturelle du ch\u00eane massif. La teinte b\u00e9ton claire offre une esth\u00e9tique contemporaine tout en pr\u00e9servant la fonctionnalit\u00e9.<\/p>\n\n\n\n<p>La biblioth\u00e8que int\u00e8gre des LED \u00e9galement cintr\u00e9es, ajoutant une dimension lumineuse et mettant en valeur les d\u00e9tails courb\u00e9s de la structure. Les tiroirs et les portes pour la partie basse compl\u00e8tent l&rsquo;ensemble, offrant un espace de rangement pratique et \u00e9l\u00e9gant.<\/p>\n\n\n\n<p>Ainsi, la biblioth\u00e8que con\u00e7ue par BMP BOIS est bien plus qu&rsquo;un simple espace de rangement. C&rsquo;est une pi\u00e8ce ma\u00eetresse artistique qui allie la noblesse du ch\u00eane massif vernis, la modernit\u00e9 du m\u00e9lamin\u00e9 teinte b\u00e9ton claire, et l&rsquo;\u00e9clat des LED cintr\u00e9es pour cr\u00e9er une pi\u00e8ce unique en son genre.<\/p>\n<\/div><\/div>\n\n\n\n<figure class=\"wp-block-gallery has-nested-images columns-default is-cropped wp-block-gallery-1 is-layout-flex wp-block-gallery-is-layout-flex\">\n<figure class=\"wp-block-image size-large\"><img loading=\"lazy\" decoding=\"async\" width=\"768\" height=\"1024\" data-id=\"423\" src=\"https:\/\/bmpbois.com\/wp-content\/uploads\/2024\/01\/IMG_0942-768x1024.jpeg\" alt=\"\" class=\"wp-image-423\" srcset=\"https:\/\/bmpbois.com\/wp-content\/uploads\/2024\/01\/IMG_0942-768x1024.jpeg 768w, https:\/\/bmpbois.com\/wp-content\/uploads\/2024\/01\/IMG_0942-225x300.jpeg 225w, https:\/\/bmpbois.com\/wp-content\/uploads\/2024\/01\/IMG_0942-1152x1536.jpeg 1152w, https:\/\/bmpbois.com\/wp-content\/uploads\/2024\/01\/IMG_0942.jpeg 1536w\" sizes=\"(max-width: 768px) 100vw, 768px\" \/><\/figure>\n\n\n\n<figure class=\"wp-block-image size-large\"><img loading=\"lazy\" decoding=\"async\" width=\"768\" height=\"1024\" data-id=\"426\" src=\"https:\/\/bmpbois.com\/wp-content\/uploads\/2024\/01\/IMG_0979-768x1024.jpeg\" alt=\"\" class=\"wp-image-426\" srcset=\"https:\/\/bmpbois.com\/wp-content\/uploads\/2024\/01\/IMG_0979-768x1024.jpeg 768w, https:\/\/bmpbois.com\/wp-content\/uploads\/2024\/01\/IMG_0979-225x300.jpeg 225w, https:\/\/bmpbois.com\/wp-content\/uploads\/2024\/01\/IMG_0979-1152x1536.jpeg 1152w, https:\/\/bmpbois.com\/wp-content\/uploads\/2024\/01\/IMG_0979.jpeg 1536w\" sizes=\"(max-width: 768px) 100vw, 768px\" \/><\/figure>\n\n\n\n<figure class=\"wp-block-image size-large\"><img loading=\"lazy\" decoding=\"async\" width=\"768\" height=\"1024\" data-id=\"425\" src=\"https:\/\/bmpbois.com\/wp-content\/uploads\/2024\/01\/IMG_0963-768x1024.jpeg\" alt=\"\" class=\"wp-image-425\" srcset=\"https:\/\/bmpbois.com\/wp-content\/uploads\/2024\/01\/IMG_0963-768x1024.jpeg 768w, https:\/\/bmpbois.com\/wp-content\/uploads\/2024\/01\/IMG_0963-225x300.jpeg 225w, https:\/\/bmpbois.com\/wp-content\/uploads\/2024\/01\/IMG_0963-1152x1536.jpeg 1152w, https:\/\/bmpbois.com\/wp-content\/uploads\/2024\/01\/IMG_0963.jpeg 1536w\" sizes=\"(max-width: 768px) 100vw, 768px\" \/><\/figure>\n\n\n\n<figure class=\"wp-block-image size-large\"><img loading=\"lazy\" decoding=\"async\" width=\"1024\" height=\"768\" data-id=\"424\" src=\"https:\/\/bmpbois.com\/wp-content\/uploads\/2024\/01\/IMG_0959-1024x768.jpeg\" alt=\"\" class=\"wp-image-424\" srcset=\"https:\/\/bmpbois.com\/wp-content\/uploads\/2024\/01\/IMG_0959-1024x768.jpeg 1024w, https:\/\/bmpbois.com\/wp-content\/uploads\/2024\/01\/IMG_0959-300x225.jpeg 300w, https:\/\/bmpbois.com\/wp-content\/uploads\/2024\/01\/IMG_0959-768x576.jpeg 768w, https:\/\/bmpbois.com\/wp-content\/uploads\/2024\/01\/IMG_0959-1536x1152.jpeg 1536w, https:\/\/bmpbois.com\/wp-content\/uploads\/2024\/01\/IMG_0959.jpeg 2048w\" sizes=\"(max-width: 1024px) 100vw, 1024px\" \/><\/figure>\n<\/figure>\n","protected":false},"excerpt":{"rendered":"<p>La menuiserie BMP BOIS a r\u00e9cemment r\u00e9alis\u00e9 la conception d&rsquo;une biblioth\u00e8que unique, mettant en avant des montants en ch\u00eane massif vernis. L&rsquo;originalit\u00e9 de cette biblioth\u00e8que r\u00e9side dans la courbure d\u00e9licate des montants, ajoutant une esth\u00e9tique singuli\u00e8re \u00e0 l&rsquo;ensemble. Les montants en ch\u00eane massif vernis non seulement offrent une robustesse et une durabilit\u00e9 exceptionnelles, mais apportent &hellip;<\/p>\n<p class=\"read-more\"> <a class=\"\" href=\"https:\/\/bmpbois.com\/?page_id=396\"> <span class=\"screen-reader-text\">cintrage des lettres<\/span> Lire la suite\u00a0\u00bb<\/a><\/p>\n","protected":false},"author":2,"featured_media":0,"parent":0,"menu_order":0,"comment_status":"closed","ping_status":"closed","template":"","meta":{"site-sidebar-layout":"default","site-content-layout":"","ast-site-content-layout":"default","site-content-style":"default","site-sidebar-style":"default","ast-global-header-display":"","ast-banner-title-visibility":"","ast-main-header-display":"","ast-hfb-above-header-display":"","ast-hfb-below-header-display":"","ast-hfb-mobile-header-display":"","site-post-title":"","ast-breadcrumbs-content":"","ast-featured-img":"","footer-sml-layout":"","theme-transparent-header-meta":"","adv-header-id-meta":"","stick-header-meta":"","header-above-stick-meta":"","header-main-stick-meta":"","header-below-stick-meta":"","astra-migrate-meta-layouts":"set","ast-page-background-enabled":"default","ast-page-background-meta":{"desktop":{"background-color":"var(--ast-global-color-4)","background-image":"","background-repeat":"repeat","background-position":"center center","background-size":"auto","background-attachment":"scroll","background-type":"","background-media":"","overlay-type":"","overlay-color":"","overlay-gradient":""},"tablet":{"background-color":"","background-image":"","background-repeat":"repeat","background-position":"center center","background-size":"auto","background-attachment":"scroll","background-type":"","background-media":"","overlay-type":"","overlay-color":"","overlay-gradient":""},"mobile":{"background-color":"","background-image":"","background-repeat":"repeat","background-position":"center center","background-size":"auto","background-attachment":"scroll","background-type":"","background-media":"","overlay-type":"","overlay-color":"","overlay-gradient":""}},"ast-content-background-meta":{"desktop":{"background-color":"var(--ast-global-color-5)","background-image":"","background-repeat":"repeat","background-position":"center center","background-size":"auto","background-attachment":"scroll","background-type":"","background-media":"","overlay-type":"","overlay-color":"","overlay-gradient":""},"tablet":{"background-color":"var(--ast-global-color-5)","background-image":"","background-repeat":"repeat","background-position":"center center","background-size":"auto","background-attachment":"scroll","background-type":"","background-media":"","overlay-type":"","overlay-color":"","overlay-gradient":""},"mobile":{"background-color":"var(--ast-global-color-5)","background-image":"","background-repeat":"repeat","background-position":"center center","background-size":"auto","background-attachment":"scroll","background-type":"","background-media":"","overlay-type":"","overlay-color":"","overlay-gradient":""}},"footnotes":""},"_links":{"self":[{"href":"https:\/\/bmpbois.com\/index.php?rest_route=\/wp\/v2\/pages\/396"}],"collection":[{"href":"https:\/\/bmpbois.com\/index.php?rest_route=\/wp\/v2\/pages"}],"about":[{"href":"https:\/\/bmpbois.com\/index.php?rest_route=\/wp\/v2\/types\/page"}],"author":[{"embeddable":true,"href":"https:\/\/bmpbois.com\/index.php?rest_route=\/wp\/v2\/users\/2"}],"replies":[{"embeddable":true,"href":"https:\/\/bmpbois.com\/index.php?rest_route=%2Fwp%2Fv2%2Fcomments&post=396"}],"version-history":[{"count":2,"href":"https:\/\/bmpbois.com\/index.php?rest_route=\/wp\/v2\/pages\/396\/revisions"}],"predecessor-version":[{"id":427,"href":"https:\/\/bmpbois.com\/index.php?rest_route=\/wp\/v2\/pages\/396\/revisions\/427"}],"wp:attachment":[{"href":"https:\/\/bmpbois.com\/index.php?rest_route=%2Fwp%2Fv2%2Fmedia&parent=396"}],"curies":[{"name":"wp","href":"https:\/\/api.w.org\/{rel}","templated":true}]}}