{"id":453,"date":"2024-01-26T11:56:41","date_gmt":"2024-01-26T10:56:41","guid":{"rendered":"http:\/\/bmpbois.com\/?page_id=453"},"modified":"2024-01-26T11:56:42","modified_gmt":"2024-01-26T10:56:42","slug":"cuisine-compact-chene","status":"publish","type":"page","link":"https:\/\/bmpbois.com\/?page_id=453","title":{"rendered":"Cuisine Compact Ch\u00eane"},"content":{"rendered":"\n<div class=\"wp-block-media-text is-stacked-on-mobile\" style=\"grid-template-columns:32% auto\"><figure class=\"wp-block-media-text__media\"><img loading=\"lazy\" decoding=\"async\" width=\"768\" height=\"1024\" src=\"https:\/\/bmpbois.com\/wp-content\/uploads\/2024\/01\/IMG_2565-768x1024.jpeg\" alt=\"\" class=\"wp-image-455 size-full\" srcset=\"https:\/\/bmpbois.com\/wp-content\/uploads\/2024\/01\/IMG_2565-768x1025.jpeg 768w, https:\/\/bmpbois.com\/wp-content\/uploads\/2024\/01\/IMG_2565-225x300.jpeg 225w, https:\/\/bmpbois.com\/wp-content\/uploads\/2024\/01\/IMG_2565-1151x1536.jpeg 1151w, https:\/\/bmpbois.com\/wp-content\/uploads\/2024\/01\/IMG_2565.jpeg 1536w\" sizes=\"(max-width: 768px) 100vw, 768px\" \/><\/figure><div class=\"wp-block-media-text__content\">\n<p>Nous sommes ravis de vous pr\u00e9senter la cuisine exceptionnelle con\u00e7ue par la menuiserie BMP BOIS, sp\u00e9cialement pens\u00e9e pour cr\u00e9er une ambiance lumineuse et moderne dans votre espace. Cette cuisine est dot\u00e9e de fa\u00e7ades en m\u00e9lamin\u00e9 blanc, apportant une touche de fra\u00eecheur et d&rsquo;\u00e9l\u00e9gance, et d&rsquo;un plan de travail en compact coloris ch\u00eane pour une durabilit\u00e9 in\u00e9gal\u00e9e.<\/p>\n\n\n\n<p>L&rsquo;int\u00e9gration d&rsquo;un meuble haut en m\u00e9lamin\u00e9 blanc compl\u00e8te harmonieusement l&rsquo;ensemble, ajoutant \u00e0 la fois fonctionnalit\u00e9 et esth\u00e9tisme \u00e0 la cuisine. Les mat\u00e9riaux choisis, m\u00e9lamin\u00e9 blanc et plan de travail en compact coloris ch\u00eane, garantissent non seulement une r\u00e9sistance aux usures quotidiennes, mais \u00e9galement une facilit\u00e9 d&rsquo;entretien appr\u00e9ciable.<\/p>\n\n\n\n<p>Cette cuisine offre une atmosph\u00e8re lumineuse et \u00e9pur\u00e9e, cr\u00e9ant un espace agr\u00e9able o\u00f9 pr\u00e9parer des repas devient un plaisir. Nous sommes convaincus que cette r\u00e9alisation de BMP BOIS ajoutera une valeur significative \u00e0 votre espace de vie.<\/p>\n\n\n\n<p>Pour toute question suppl\u00e9mentaire ou pour discuter de projets similaires, n&rsquo;h\u00e9sitez pas \u00e0 nous contacter. Nous sommes impatients de concr\u00e9tiser vos id\u00e9es et de cr\u00e9er une cuisine qui r\u00e9pondra \u00e0 vos attentes.<\/p>\n<\/div><\/div>\n\n\n\n<figure class=\"wp-block-image size-large is-resized\"><img loading=\"lazy\" decoding=\"async\" width=\"768\" height=\"1024\" src=\"https:\/\/bmpbois.com\/wp-content\/uploads\/2024\/01\/IMG_2562-768x1024.jpeg\" alt=\"\" class=\"wp-image-456\" style=\"width:908px;height:auto\" srcset=\"https:\/\/bmpbois.com\/wp-content\/uploads\/2024\/01\/IMG_2562-768x1025.jpeg 768w, https:\/\/bmpbois.com\/wp-content\/uploads\/2024\/01\/IMG_2562-225x300.jpeg 225w, https:\/\/bmpbois.com\/wp-content\/uploads\/2024\/01\/IMG_2562-1151x1536.jpeg 1151w, https:\/\/bmpbois.com\/wp-content\/uploads\/2024\/01\/IMG_2562.jpeg 1536w\" sizes=\"(max-width: 768px) 100vw, 768px\" \/><\/figure>\n","protected":false},"excerpt":{"rendered":"<p>Nous sommes ravis de vous pr\u00e9senter la cuisine exceptionnelle con\u00e7ue par la menuiserie BMP BOIS, sp\u00e9cialement pens\u00e9e pour cr\u00e9er une ambiance lumineuse et moderne dans votre espace. Cette cuisine est dot\u00e9e de fa\u00e7ades en m\u00e9lamin\u00e9 blanc, apportant une touche de fra\u00eecheur et d&rsquo;\u00e9l\u00e9gance, et d&rsquo;un plan de travail en compact coloris ch\u00eane pour une durabilit\u00e9 &hellip;<\/p>\n<p class=\"read-more\"> <a class=\"\" href=\"https:\/\/bmpbois.com\/?page_id=453\"> <span class=\"screen-reader-text\">Cuisine Compact Ch\u00eane<\/span> Lire la suite\u00a0\u00bb<\/a><\/p>\n","protected":false},"author":2,"featured_media":0,"parent":0,"menu_order":0,"comment_status":"closed","ping_status":"closed","template":"","meta":{"site-sidebar-layout":"default","site-content-layout":"","ast-site-content-layout":"default","site-content-style":"default","site-sidebar-style":"default","ast-global-header-display":"","ast-banner-title-visibility":"","ast-main-header-display":"","ast-hfb-above-header-display":"","ast-hfb-below-header-display":"","ast-hfb-mobile-header-display":"","site-post-title":"","ast-breadcrumbs-content":"","ast-featured-img":"","footer-sml-layout":"","theme-transparent-header-meta":"","adv-header-id-meta":"","stick-header-meta":"","header-above-stick-meta":"","header-main-stick-meta":"","header-below-stick-meta":"","astra-migrate-meta-layouts":"set","ast-page-background-enabled":"default","ast-page-background-meta":{"desktop":{"background-color":"var(--ast-global-color-4)","background-image":"","background-repeat":"repeat","background-position":"center center","background-size":"auto","background-attachment":"scroll","background-type":"","background-media":"","overlay-type":"","overlay-color":"","overlay-gradient":""},"tablet":{"background-color":"","background-image":"","background-repeat":"repeat","background-position":"center center","background-size":"auto","background-attachment":"scroll","background-type":"","background-media":"","overlay-type":"","overlay-color":"","overlay-gradient":""},"mobile":{"background-color":"","background-image":"","background-repeat":"repeat","background-position":"center center","background-size":"auto","background-attachment":"scroll","background-type":"","background-media":"","overlay-type":"","overlay-color":"","overlay-gradient":""}},"ast-content-background-meta":{"desktop":{"background-color":"var(--ast-global-color-5)","background-image":"","background-repeat":"repeat","background-position":"center center","background-size":"auto","background-attachment":"scroll","background-type":"","background-media":"","overlay-type":"","overlay-color":"","overlay-gradient":""},"tablet":{"background-color":"var(--ast-global-color-5)","background-image":"","background-repeat":"repeat","background-position":"center center","background-size":"auto","background-attachment":"scroll","background-type":"","background-media":"","overlay-type":"","overlay-color":"","overlay-gradient":""},"mobile":{"background-color":"var(--ast-global-color-5)","background-image":"","background-repeat":"repeat","background-position":"center center","background-size":"auto","background-attachment":"scroll","background-type":"","background-media":"","overlay-type":"","overlay-color":"","overlay-gradient":""}},"footnotes":""},"_links":{"self":[{"href":"https:\/\/bmpbois.com\/index.php?rest_route=\/wp\/v2\/pages\/453"}],"collection":[{"href":"https:\/\/bmpbois.com\/index.php?rest_route=\/wp\/v2\/pages"}],"about":[{"href":"https:\/\/bmpbois.com\/index.php?rest_route=\/wp\/v2\/types\/page"}],"author":[{"embeddable":true,"href":"https:\/\/bmpbois.com\/index.php?rest_route=\/wp\/v2\/users\/2"}],"replies":[{"embeddable":true,"href":"https:\/\/bmpbois.com\/index.php?rest_route=%2Fwp%2Fv2%2Fcomments&post=453"}],"version-history":[{"count":1,"href":"https:\/\/bmpbois.com\/index.php?rest_route=\/wp\/v2\/pages\/453\/revisions"}],"predecessor-version":[{"id":458,"href":"https:\/\/bmpbois.com\/index.php?rest_route=\/wp\/v2\/pages\/453\/revisions\/458"}],"wp:attachment":[{"href":"https:\/\/bmpbois.com\/index.php?rest_route=%2Fwp%2Fv2%2Fmedia&parent=453"}],"curies":[{"name":"wp","href":"https:\/\/api.w.org\/{rel}","templated":true}]}}