{"id":521,"date":"2024-01-29T18:05:43","date_gmt":"2024-01-29T17:05:43","guid":{"rendered":"http:\/\/bmpbois.com\/?page_id=521"},"modified":"2024-01-29T18:05:43","modified_gmt":"2024-01-29T17:05:43","slug":"table-basse-cintree","status":"publish","type":"page","link":"https:\/\/bmpbois.com\/?page_id=521","title":{"rendered":"Table basse cintr\u00e9e"},"content":{"rendered":"\n<div class=\"wp-block-media-text is-stacked-on-mobile\" style=\"grid-template-columns:34% auto\"><figure class=\"wp-block-media-text__media\"><img loading=\"lazy\" decoding=\"async\" width=\"768\" height=\"1024\" src=\"https:\/\/bmpbois.com\/wp-content\/uploads\/2024\/01\/22974219-39CE-4056-8405-448CC437D83C-768x1024.jpg\" alt=\"\" class=\"wp-image-522 size-full\" srcset=\"https:\/\/bmpbois.com\/wp-content\/uploads\/2024\/01\/22974219-39CE-4056-8405-448CC437D83C-768x1024.jpg 768w, https:\/\/bmpbois.com\/wp-content\/uploads\/2024\/01\/22974219-39CE-4056-8405-448CC437D83C-225x300.jpg 225w, https:\/\/bmpbois.com\/wp-content\/uploads\/2024\/01\/22974219-39CE-4056-8405-448CC437D83C-1152x1536.jpg 1152w, https:\/\/bmpbois.com\/wp-content\/uploads\/2024\/01\/22974219-39CE-4056-8405-448CC437D83C-1536x2048.jpg 1536w, https:\/\/bmpbois.com\/wp-content\/uploads\/2024\/01\/22974219-39CE-4056-8405-448CC437D83C-scaled.jpg 1920w\" sizes=\"(max-width: 768px) 100vw, 768px\" \/><\/figure><div class=\"wp-block-media-text__content\">\n<p>Nous sommes enchant\u00e9s de vous pr\u00e9senter notre table basse cintr\u00e9e, une pi\u00e8ce unique qui allie \u00e9l\u00e9gance, fonctionnalit\u00e9 et esth\u00e9tisme contemporain.<\/p>\n\n\n\n<p>Le plateau principal, r\u00e9alis\u00e9 en placage ch\u00eane, offre une surface chaleureuse et naturelle. L&rsquo;int\u00e9rieur de la table est rev\u00eatu d&rsquo;un luxueux similicuir bordeaux, apportant une touche de sophistication et de confort \u00e0 l&rsquo;ensemble.<\/p>\n\n\n\n<p>Le pi\u00e9tement en ch\u00eane, teint\u00e9 en noir, conf\u00e8re \u00e0 la table une allure moderne tout en pr\u00e9servant la beaut\u00e9 naturelle du bois. Les plateaux en m\u00e9dium noir, teint\u00e9 dans la masse, ajoutent une dimension contrast\u00e9e, cr\u00e9ant une esth\u00e9tique audacieuse.<\/p>\n\n\n\n<p>La particularit\u00e9 de cette table r\u00e9side dans son plateau pivotant, offrant un acc\u00e8s pratique \u00e0 un espace de rangement dissimul\u00e9. Cet ing\u00e9nieux agencement permet de garder les objets essentiels \u00e0 port\u00e9e de main tout en pr\u00e9servant l&rsquo;harmonie visuelle de la table.<\/p>\n\n\n\n<p>Pour pr\u00e9server et sublimer chaque d\u00e9tail, l&rsquo;ensemble est prot\u00e9g\u00e9 par une finition huil\u00e9e de la marque Rubio Monocoat. Cette finition non seulement offre une protection durable mais met \u00e9galement en valeur la richesse des mat\u00e9riaux utilis\u00e9s.<\/p>\n\n\n\n<p>Cette table basse cintr\u00e9e est bien plus qu&rsquo;un simple meuble, c&rsquo;est une \u0153uvre d&rsquo;art fonctionnelle qui saura ajouter une touche distinctive \u00e0 votre espace de vie.<\/p>\n\n\n\n<p>N&rsquo;h\u00e9sitez pas \u00e0 nous contacter pour discuter de votre projet ou obtenir plus d&rsquo;informations sur cette r\u00e9alisation.<\/p>\n<\/div><\/div>\n\n\n\n<figure class=\"wp-block-gallery has-nested-images columns-default is-cropped wp-block-gallery-1 is-layout-flex wp-block-gallery-is-layout-flex\">\n<figure class=\"wp-block-image size-large\"><img loading=\"lazy\" decoding=\"async\" width=\"768\" height=\"1024\" data-id=\"524\" src=\"https:\/\/bmpbois.com\/wp-content\/uploads\/2024\/01\/127D7F34-C45A-4122-972C-2AD0AEE42DD7-768x1024.jpg\" alt=\"\" class=\"wp-image-524\" srcset=\"https:\/\/bmpbois.com\/wp-content\/uploads\/2024\/01\/127D7F34-C45A-4122-972C-2AD0AEE42DD7-768x1024.jpg 768w, https:\/\/bmpbois.com\/wp-content\/uploads\/2024\/01\/127D7F34-C45A-4122-972C-2AD0AEE42DD7-225x300.jpg 225w, https:\/\/bmpbois.com\/wp-content\/uploads\/2024\/01\/127D7F34-C45A-4122-972C-2AD0AEE42DD7-1152x1536.jpg 1152w, https:\/\/bmpbois.com\/wp-content\/uploads\/2024\/01\/127D7F34-C45A-4122-972C-2AD0AEE42DD7.jpg 1536w\" sizes=\"(max-width: 768px) 100vw, 768px\" \/><\/figure>\n\n\n\n<figure class=\"wp-block-image size-large\"><img loading=\"lazy\" decoding=\"async\" width=\"768\" height=\"1024\" data-id=\"525\" src=\"https:\/\/bmpbois.com\/wp-content\/uploads\/2024\/01\/02718607-A2EB-424E-A533-A0B102285EB1-768x1024.jpg\" alt=\"\" class=\"wp-image-525\" srcset=\"https:\/\/bmpbois.com\/wp-content\/uploads\/2024\/01\/02718607-A2EB-424E-A533-A0B102285EB1-768x1024.jpg 768w, https:\/\/bmpbois.com\/wp-content\/uploads\/2024\/01\/02718607-A2EB-424E-A533-A0B102285EB1-225x300.jpg 225w, https:\/\/bmpbois.com\/wp-content\/uploads\/2024\/01\/02718607-A2EB-424E-A533-A0B102285EB1-1152x1536.jpg 1152w, https:\/\/bmpbois.com\/wp-content\/uploads\/2024\/01\/02718607-A2EB-424E-A533-A0B102285EB1-1536x2048.jpg 1536w, https:\/\/bmpbois.com\/wp-content\/uploads\/2024\/01\/02718607-A2EB-424E-A533-A0B102285EB1-scaled.jpg 1920w\" sizes=\"(max-width: 768px) 100vw, 768px\" \/><\/figure>\n\n\n\n<figure class=\"wp-block-image size-large\"><img loading=\"lazy\" decoding=\"async\" width=\"768\" height=\"1024\" data-id=\"523\" src=\"https:\/\/bmpbois.com\/wp-content\/uploads\/2024\/01\/BF1EF7CE-E4CC-4612-8F58-EE7184919493-768x1024.jpg\" alt=\"\" class=\"wp-image-523\" srcset=\"https:\/\/bmpbois.com\/wp-content\/uploads\/2024\/01\/BF1EF7CE-E4CC-4612-8F58-EE7184919493-768x1024.jpg 768w, https:\/\/bmpbois.com\/wp-content\/uploads\/2024\/01\/BF1EF7CE-E4CC-4612-8F58-EE7184919493-225x300.jpg 225w, https:\/\/bmpbois.com\/wp-content\/uploads\/2024\/01\/BF1EF7CE-E4CC-4612-8F58-EE7184919493-1152x1536.jpg 1152w, https:\/\/bmpbois.com\/wp-content\/uploads\/2024\/01\/BF1EF7CE-E4CC-4612-8F58-EE7184919493.jpg 1536w\" sizes=\"(max-width: 768px) 100vw, 768px\" \/><\/figure>\n<\/figure>\n","protected":false},"excerpt":{"rendered":"<p>Nous sommes enchant\u00e9s de vous pr\u00e9senter notre table basse cintr\u00e9e, une pi\u00e8ce unique qui allie \u00e9l\u00e9gance, fonctionnalit\u00e9 et esth\u00e9tisme contemporain. Le plateau principal, r\u00e9alis\u00e9 en placage ch\u00eane, offre une surface chaleureuse et naturelle. L&rsquo;int\u00e9rieur de la table est rev\u00eatu d&rsquo;un luxueux similicuir bordeaux, apportant une touche de sophistication et de confort \u00e0 l&rsquo;ensemble. Le pi\u00e9tement &hellip;<\/p>\n<p class=\"read-more\"> <a class=\"\" href=\"https:\/\/bmpbois.com\/?page_id=521\"> <span class=\"screen-reader-text\">Table basse cintr\u00e9e<\/span> Lire la suite\u00a0\u00bb<\/a><\/p>\n","protected":false},"author":2,"featured_media":0,"parent":0,"menu_order":0,"comment_status":"closed","ping_status":"closed","template":"","meta":{"site-sidebar-layout":"default","site-content-layout":"","ast-site-content-layout":"default","site-content-style":"default","site-sidebar-style":"default","ast-global-header-display":"","ast-banner-title-visibility":"","ast-main-header-display":"","ast-hfb-above-header-display":"","ast-hfb-below-header-display":"","ast-hfb-mobile-header-display":"","site-post-title":"","ast-breadcrumbs-content":"","ast-featured-img":"","footer-sml-layout":"","theme-transparent-header-meta":"","adv-header-id-meta":"","stick-header-meta":"","header-above-stick-meta":"","header-main-stick-meta":"","header-below-stick-meta":"","astra-migrate-meta-layouts":"set","ast-page-background-enabled":"default","ast-page-background-meta":{"desktop":{"background-color":"var(--ast-global-color-4)","background-image":"","background-repeat":"repeat","background-position":"center center","background-size":"auto","background-attachment":"scroll","background-type":"","background-media":"","overlay-type":"","overlay-color":"","overlay-gradient":""},"tablet":{"background-color":"","background-image":"","background-repeat":"repeat","background-position":"center center","background-size":"auto","background-attachment":"scroll","background-type":"","background-media":"","overlay-type":"","overlay-color":"","overlay-gradient":""},"mobile":{"background-color":"","background-image":"","background-repeat":"repeat","background-position":"center center","background-size":"auto","background-attachment":"scroll","background-type":"","background-media":"","overlay-type":"","overlay-color":"","overlay-gradient":""}},"ast-content-background-meta":{"desktop":{"background-color":"var(--ast-global-color-5)","background-image":"","background-repeat":"repeat","background-position":"center center","background-size":"auto","background-attachment":"scroll","background-type":"","background-media":"","overlay-type":"","overlay-color":"","overlay-gradient":""},"tablet":{"background-color":"var(--ast-global-color-5)","background-image":"","background-repeat":"repeat","background-position":"center center","background-size":"auto","background-attachment":"scroll","background-type":"","background-media":"","overlay-type":"","overlay-color":"","overlay-gradient":""},"mobile":{"background-color":"var(--ast-global-color-5)","background-image":"","background-repeat":"repeat","background-position":"center center","background-size":"auto","background-attachment":"scroll","background-type":"","background-media":"","overlay-type":"","overlay-color":"","overlay-gradient":""}},"footnotes":""},"_links":{"self":[{"href":"https:\/\/bmpbois.com\/index.php?rest_route=\/wp\/v2\/pages\/521"}],"collection":[{"href":"https:\/\/bmpbois.com\/index.php?rest_route=\/wp\/v2\/pages"}],"about":[{"href":"https:\/\/bmpbois.com\/index.php?rest_route=\/wp\/v2\/types\/page"}],"author":[{"embeddable":true,"href":"https:\/\/bmpbois.com\/index.php?rest_route=\/wp\/v2\/users\/2"}],"replies":[{"embeddable":true,"href":"https:\/\/bmpbois.com\/index.php?rest_route=%2Fwp%2Fv2%2Fcomments&post=521"}],"version-history":[{"count":1,"href":"https:\/\/bmpbois.com\/index.php?rest_route=\/wp\/v2\/pages\/521\/revisions"}],"predecessor-version":[{"id":526,"href":"https:\/\/bmpbois.com\/index.php?rest_route=\/wp\/v2\/pages\/521\/revisions\/526"}],"wp:attachment":[{"href":"https:\/\/bmpbois.com\/index.php?rest_route=%2Fwp%2Fv2%2Fmedia&parent=521"}],"curies":[{"name":"wp","href":"https:\/\/api.w.org\/{rel}","templated":true}]}}